.
45
Calculate the highest common factor of 602 and 672.
14
What is the highest common factor of 240 and 48?
48
What is the greatest common factor of 162 and 9?
9
Calculate the greatest common divisor of 2 and 514.
2
Calculate the highest common factor of 606 and 24.
6
What is the greatest common divisor of 209 and 66?
11
Calculate the greatest common factor of 44 and 9053.
11
What is the highest common factor of 320 and 120?
40
What is the highest common factor of 19 and 39197?
19
What is the highest common factor of 14 and 53914?
14
Calculate the greatest common factor of 42 and 192.
6
Calculate the greatest common divisor of 833 and 196.
49
Calculate the highest common divisor of 81 and 39.
3
What is the highest common divisor of 10 and 65?
5
Calculate the highest common divisor of 17363 and 179.
179
What is the highest common factor of 351 and 27?
27
Calculate the highest common divisor of 24 and 184.
8
What is the greatest common factor of 7627 and 58?
29
What is the greatest common factor of 20 and 24?
4
What is the highest common factor of 108 and 124?
4
Calculate the highest common divisor of 3510 and 286.
26
What is the greatest common factor of 26 and 8?
2
Calculate the greatest common factor of 374 and 22.
22
Calculate the greatest common factor of 59 and 413.
59
Calculate the greatest common divisor of 2120 and 40.
40
What is the highest common factor of 41 and 779?
41
What is the greatest common divisor of 4 and 124?
4
Calculate the highest common divisor of 7 and 1505.
7
What is the greatest common factor of 11 and 187?
11
What is the highest common divisor of 145 and 116?
29
What is the greatest common factor of 31023 and 81?
81
What is the greatest common factor of 1368 and 38?
38
What is the greatest common divisor of 136 and 680?
136
What is the highest common factor of 10559 and 1?
1
What is the highest common factor of 18 and 18?
18
What is the greatest common divisor of 14 and 889?
7
What is the greatest common factor of 82 and 2009?
41
What is the greatest common divisor of 462 and 616?
154
What is the greatest common divisor of 841 and 754?
29
Calculate the greatest common factor of 15 and 36060.
15
What is the highest common factor of 1947 and 33?
33
Calculate the highest common factor of 1890 and 70.
70
Calculate the greatest common factor of 4396 and 70.
14
Calculate the greatest common factor of 40 and 512.
8
What is the highest common divisor of 35 and 77?
7
What is the greatest common divisor of 2241 and 27?
27
What is the highest common factor of 90 and 520?
10
What is the highest common factor of 13 and 15990?
13
What is the greatest common divisor of 6895 and 70?
35
Calculate the greatest common factor of 48834 and 18.
18
What is the greatest common divisor of 620 and 20?
20
What is the greatest common factor of 16 and 6668?
4
What is the greatest common factor of 11 and 58817?
11
What is the highest common factor of 167 and 167?
167
Calculate the greatest common factor of 496 and 186.
62
What is the highest common divisor of 12 and 124?
4
What is the greatest common factor of 46990 and 37?
37
What is the greatest common factor of 17 and 34?
17
Calculate the greatest common factor of 104 and 16.
8
What is the highest common factor of 64 and 224?
32
What is the highest common divisor of 12 and 276?
12
What is the highest common factor of 52 and 11856?
52
What is the highest common factor of 78 and 117?
39
Calculate the greatest common factor of 27 and 23814.
27
Calculate the greatest common factor of 102 and 136.
34
Calculate the highest common factor of 27 and 8640.
27
What is the highest common divisor of 1369 and 37?
37
Calculate the highest common factor of 75 and 7620.
15
What is the greatest common divisor of 638 and 352?
22
Calculate the highest common factor of 28 and 1148.
28
Calculate the highest common divisor of 2277 and 138.
69
What is the highest common divisor of 238 and 1022?
14
Calculate the greatest common divisor of 558 and 6262.
62
Calculate the greatest common factor of 34 and 43486.
34
Calculate the highest common factor of 30 and 570.
30
What is the greatest common divisor of 54 and 999?
27
What is the highest common factor of 708 and 924?
12
What is the highest common factor of 40 and 16960?
40
What is the highest common divisor of 36 and 28?
4
What is the highest common divisor of 4891 and 67?
67
Calculate the highest common factor of 10970 and 10.
10
Calculate the greatest common factor of 3026 and 712.
178
Calculate the highest common factor of 20 and 2045.
5
What is the highest common factor of 35 and 365?
5
Calculate the greatest common divisor of 42 and 3486.
42
What is the highest common factor of 60 and 6540?
60
What is the highest common divisor of 51 and 42?
3
Calculate the greatest common factor of 45 and 6.
3
What is the greatest common factor of 352 and 44?
44
What is the highest common factor of 23237 and 19?
19
Calculate the highest common divisor of 345 and 2645.
115
Calculate the highest common factor of 201 and 16817.
67
What is the highest common factor of 35547 and 123?
123
Calculate the highest common factor of 95 and 133.
19
What is the greatest common divisor of 551 and 29?
29
Calculate the greatest common divisor of 3 and 129.
3
What is the greatest common factor of 1701 and 357?
21
Calculate the greatest common divisor of 1573 and 13.
13
What is the greatest common factor of 14 and 42?
14
What is the highest common divisor of 70 and 1730?
10
Calculate the greatest common divisor of 5013 and 9.
9
What is the greatest common divisor of 231 and 132?
33
Calculate the greatest common divisor of 387 and 86.
43
What is the highest common divisor of 500 and 860?
20
What is the greatest common divisor of 24 and 18?
6
Calculate the highest common divisor of 187 and 319.
11
Calculate the highest common divisor of 2612 and 4.
4
Calculate the highest common factor of 352 and 33.
11
Calculate the greatest common divisor of 22 and 4873.
11
Calculate the greatest common divisor of 296 and 37.
37
What is the greatest common divisor of 7786 and 136?
34
What is the greatest common divisor of 36 and 636?
12
Calculate the highest common divisor of 372 and 4588.
124
Calculate the greatest common divisor of 156 and 21216.
156
Calculate the greatest common divisor of 8 and 58312.
8
Calculate the highest common factor of 102 and 24582.
102
Calculate the highest common divisor of 183 and 2867.
61
What is the greatest common factor of 198 and 54?
18
Calculate the highest common factor of 2 and 13.
1
Calculate the greatest common divisor of 672 and 588.
84
Calculate the greatest common factor of 1683 and 1224.
153
What is the highest common factor of 8 and 116?
4
What is the greatest common divisor of 2190 and 45?
15
What is the greatest common factor of 2044 and 8?
4
Calculate the highest common factor of 4 and 18.
2
What is the highest common factor of 14405 and 215?
215
Calculate the highest common divisor of 5063 and 427.
61
Calculate the greatest common divisor of 638 and 232.
58
What is the highest common factor of 24549 and 42?
21
What is the highest common factor of 7 and 1561?
7
What is the highest common factor of 14 and 328?
2
What is the greatest common factor of 175 and 1085?
35
What is the highest common divisor of 420 and 336?
84
Calculate the highest common divisor of 15 and 125.
5
What is the highest common divisor of 10288 and 2?
2
What is the highest common factor of 4641 and 455?
91
What is the highest common divisor of 3774 and 102?
102
Calculate the greatest common factor of 29391 and 291.
291
What is the highest common factor of 10230 and 372?
186
What is the highest common divisor of 7 and 2611?
7
Calculate the greatest common factor of 30 and 2094.
6
What is the greatest common factor of 442 and 1989?
221
What is the highest common divisor of 87 and 20271?
87
What is the greatest common divisor of 9072 and 90?
18
Calculate the greatest common factor of 20 and 980.
20
Calculate the highest common factor of 3 and 5.
1
What is the greatest common factor of 1313 and 101?
101
What is the greatest common factor of 3125 and 375?
125
Calculate the highest common factor of 34 and 19006.
34
Calculate the greatest common factor of 245 and 98.
49
What is the highest common d